{"id":56,"date":"2022-07-04T12:20:51","date_gmt":"2022-07-04T10:20:51","guid":{"rendered":"http:\/\/chezperlette.fr\/?page_id=56"},"modified":"2023-10-17T17:50:21","modified_gmt":"2023-10-17T15:50:21","slug":"description","status":"publish","type":"page","link":"https:\/\/chezperlette.fr\/index.php\/description\/","title":{"rendered":"La maison d&#8217;h\u00f4te"},"content":{"rendered":"\t\t<div data-elementor-type=\"wp-page\" data-elementor-id=\"56\" class=\"elementor elementor-56\">\n\t\t\t\t\t\t<section class=\"elementor-section elementor-top-section elementor-element elementor-element-647f313 elementor-section-boxed elementor-section-height-default elementor-section-height-default\" data-id=\"647f313\" data-element_type=\"section\">\n\t\t\t\t\t\t<div class=\"elementor-container elementor-column-gap-default\">\n\t\t\t\t\t<div class=\"elementor-column elementor-col-100 elementor-top-column elementor-element elementor-element-6088e30\" data-id=\"6088e30\" data-element_type=\"column\">\n\t\t\t<div class=\"elementor-widget-wrap elementor-element-populated\">\n\t\t\t\t\t\t<div class=\"elementor-element elementor-element-641b04d elementor-arrows-position-inside elementor-pagination-position-outside elementor-widget elementor-widget-image-carousel\" data-id=\"641b04d\" data-element_type=\"widget\" data-settings=\"{&quot;slides_to_show&quot;:&quot;1&quot;,&quot;navigation&quot;:&quot;both&quot;,&quot;autoplay&quot;:&quot;yes&quot;,&quot;pause_on_hover&quot;:&quot;yes&quot;,&quot;pause_on_interaction&quot;:&quot;yes&quot;,&quot;autoplay_speed&quot;:5000,&quot;infinite&quot;:&quot;yes&quot;,&quot;effect&quot;:&quot;slide&quot;,&quot;speed&quot;:500}\" data-widget_type=\"image-carousel.default\">\n\t\t\t\t<div class=\"elementor-widget-container\">\n\t\t\t<style>\/*! elementor - v3.19.0 - 26-02-2024 *\/\n.elementor-widget-image-carousel .swiper,.elementor-widget-image-carousel .swiper-container{position:static}.elementor-widget-image-carousel .swiper-container .swiper-slide figure,.elementor-widget-image-carousel .swiper .swiper-slide figure{line-height:inherit}.elementor-widget-image-carousel .swiper-slide{text-align:center}.elementor-image-carousel-wrapper:not(.swiper-container-initialized):not(.swiper-initialized) .swiper-slide{max-width:calc(100% \/ var(--e-image-carousel-slides-to-show, 3))}<\/style>\t\t<div class=\"elementor-image-carousel-wrapper swiper-container\" dir=\"ltr\">\n\t\t\t<div class=\"elementor-image-carousel swiper-wrapper\" aria-live=\"off\">\n\t\t\t\t\t\t\t\t<div class=\"swiper-slide\" role=\"group\" aria-roledescription=\"slide\" aria-label=\"1 sur 3\"><figure class=\"swiper-slide-inner\"><img decoding=\"async\" class=\"swiper-slide-image\" src=\"https:\/\/chezperlette.fr\/wp-content\/uploads\/2022\/06\/cropped-IMG-20220608-WA00062.jpg\" alt=\"cropped-IMG-20220608-WA00062.jpg\" \/><\/figure><\/div><div class=\"swiper-slide\" role=\"group\" aria-roledescription=\"slide\" aria-label=\"2 sur 3\"><figure class=\"swiper-slide-inner\"><img decoding=\"async\" class=\"swiper-slide-image\" src=\"https:\/\/chezperlette.fr\/wp-content\/uploads\/2022\/08\/20220803_114412-Copie-scaled.jpg\" alt=\"20220803_114412 - Copie\" \/><\/figure><\/div><div class=\"swiper-slide\" role=\"group\" aria-roledescription=\"slide\" aria-label=\"3 sur 3\"><figure class=\"swiper-slide-inner\"><img decoding=\"async\" class=\"swiper-slide-image\" src=\"https:\/\/chezperlette.fr\/wp-content\/uploads\/2022\/08\/20220803_114512-Copie-scaled.jpg\" alt=\"20220803_114512 - Copie\" \/><\/figure><\/div>\t\t\t<\/div>\n\t\t\t\t\t\t\t\t\t\t\t\t<div class=\"elementor-swiper-button elementor-swiper-button-prev\" role=\"button\" tabindex=\"0\">\n\t\t\t\t\t\t<i aria-hidden=\"true\" class=\"eicon-chevron-left\"><\/i>\t\t\t\t\t<\/div>\n\t\t\t\t\t<div class=\"elementor-swiper-button elementor-swiper-button-next\" role=\"button\" tabindex=\"0\">\n\t\t\t\t\t\t<i aria-hidden=\"true\" class=\"eicon-chevron-right\"><\/i>\t\t\t\t\t<\/div>\n\t\t\t\t\n\t\t\t\t\t\t\t\t\t<div class=\"swiper-pagination\"><\/div>\n\t\t\t\t\t\t\t\t\t<\/div>\n\t\t\t\t<\/div>\n\t\t\t\t<\/div>\n\t\t\t\t\t<\/div>\n\t\t<\/div>\n\t\t\t\t\t<\/div>\n\t\t<\/section>\n\t\t\t\t<section class=\"elementor-section elementor-top-section elementor-element elementor-element-64f9560 elementor-section-boxed elementor-section-height-default elementor-section-height-default\" data-id=\"64f9560\" data-element_type=\"section\">\n\t\t\t\t\t\t<div class=\"elementor-container elementor-column-gap-default\">\n\t\t\t\t\t<div class=\"elementor-column elementor-col-100 elementor-top-column elementor-element elementor-element-1d48e7f\" data-id=\"1d48e7f\" data-element_type=\"column\">\n\t\t\t<div class=\"elementor-widget-wrap elementor-element-populated\">\n\t\t\t\t\t\t<div class=\"elementor-element elementor-element-b7b7fbf elementor-widget elementor-widget-text-editor\" data-id=\"b7b7fbf\" data-element_type=\"widget\" data-widget_type=\"text-editor.default\">\n\t\t\t\t<div class=\"elementor-widget-container\">\n\t\t\t<style>\/*! elementor - v3.19.0 - 26-02-2024 *\/\n.elementor-widget-text-editor.elementor-drop-cap-view-stacked .elementor-drop-cap{background-color:#69727d;color:#fff}.elementor-widget-text-editor.elementor-drop-cap-view-framed .elementor-drop-cap{color:#69727d;border:3px solid;background-color:transparent}.elementor-widget-text-editor:not(.elementor-drop-cap-view-default) .elementor-drop-cap{margin-top:8px}.elementor-widget-text-editor:not(.elementor-drop-cap-view-default) .elementor-drop-cap-letter{width:1em;height:1em}.elementor-widget-text-editor .elementor-drop-cap{float:left;text-align:center;line-height:1;font-size:50px}.elementor-widget-text-editor .elementor-drop-cap-letter{display:inline-block}<\/style>\t\t\t\t<h2><strong>Les premi\u00e8res traces de la maison date de 1299 dans le li\u00e8ve (cadastre) d&#8217;Estivareilles. On retrouve les traces du moulin dans le plan cadastrale Napol\u00e9onien de 1826. Le moulin (toujours existant) a \u00e9t\u00e9 en exploitation jusqu&#8217;en 1930, et une scierie a \u00e9t\u00e9 install\u00e9e pour suppl\u00e9e l&#8217;arr\u00eat du moulin. <\/strong><\/h2><h2><strong>Situ\u00e9e \u00e0 900m d&#8217;altitude, venez vous ressourcez dans cet \u00e9crin de verdure.<\/strong><\/h2>\t\t\t\t\t\t<\/div>\n\t\t\t\t<\/div>\n\t\t\t\t\t<\/div>\n\t\t<\/div>\n\t\t\t\t\t<\/div>\n\t\t<\/section>\n\t\t\t\t<section class=\"elementor-section elementor-top-section elementor-element elementor-element-0cad7cc elementor-section-boxed elementor-section-height-default elementor-section-height-default\" data-id=\"0cad7cc\" data-element_type=\"section\">\n\t\t\t\t\t\t<div class=\"elementor-container elementor-column-gap-default\">\n\t\t\t\t\t<div class=\"elementor-column elementor-col-100 elementor-top-column elementor-element elementor-element-664f1b1\" data-id=\"664f1b1\" data-element_type=\"column\">\n\t\t\t<div class=\"elementor-widget-wrap elementor-element-populated\">\n\t\t\t\t\t\t<section class=\"elementor-section elementor-inner-section elementor-element elementor-element-62520ae elementor-section-boxed elementor-section-height-default elementor-section-height-default\" data-id=\"62520ae\" data-element_type=\"section\">\n\t\t\t\t\t\t<div class=\"elementor-container elementor-column-gap-default\">\n\t\t\t\t\t<div class=\"elementor-column elementor-col-50 elementor-inner-column elementor-element elementor-element-88eb682\" data-id=\"88eb682\" data-element_type=\"column\">\n\t\t\t<div class=\"elementor-widget-wrap elementor-element-populated\">\n\t\t\t\t\t\t<div class=\"elementor-element elementor-element-d407005 elementor-widget elementor-widget-image\" data-id=\"d407005\" data-element_type=\"widget\" data-widget_type=\"image.default\">\n\t\t\t\t<div class=\"elementor-widget-container\">\n\t\t\t<style>\/*! elementor - v3.19.0 - 26-02-2024 *\/\n.elementor-widget-image{text-align:center}.elementor-widget-image a{display:inline-block}.elementor-widget-image a img[src$=\".svg\"]{width:48px}.elementor-widget-image img{vertical-align:middle;display:inline-block}<\/style>\t\t\t\t\t\t\t\t\t\t<img fetchpriority=\"high\" decoding=\"async\" width=\"837\" height=\"628\" src=\"https:\/\/chezperlette.fr\/wp-content\/uploads\/2022\/08\/20190630_150711-1024x768.jpg\" class=\"attachment-large size-large wp-image-118\" alt=\"\" srcset=\"https:\/\/chezperlette.fr\/wp-content\/uploads\/2022\/08\/20190630_150711-1024x768.jpg 1024w, https:\/\/chezperlette.fr\/wp-content\/uploads\/2022\/08\/20190630_150711-300x225.jpg 300w, https:\/\/chezperlette.fr\/wp-content\/uploads\/2022\/08\/20190630_150711-768x576.jpg 768w, https:\/\/chezperlette.fr\/wp-content\/uploads\/2022\/08\/20190630_150711-1536x1152.jpg 1536w, https:\/\/chezperlette.fr\/wp-content\/uploads\/2022\/08\/20190630_150711-2048x1536.jpg 2048w\" sizes=\"(max-width: 837px) 100vw, 837px\" \/>\t\t\t\t\t\t\t\t\t\t\t\t\t<\/div>\n\t\t\t\t<\/div>\n\t\t\t\t\t<\/div>\n\t\t<\/div>\n\t\t\t\t<div class=\"elementor-column elementor-col-50 elementor-inner-column elementor-element elementor-element-9f33743\" data-id=\"9f33743\" data-element_type=\"column\">\n\t\t\t<div class=\"elementor-widget-wrap elementor-element-populated\">\n\t\t\t\t\t\t<div class=\"elementor-element elementor-element-7749380 elementor-widget__width-auto elementor-widget elementor-widget-heading\" data-id=\"7749380\" data-element_type=\"widget\" data-widget_type=\"heading.default\">\n\t\t\t\t<div class=\"elementor-widget-container\">\n\t\t\t<style>\/*! elementor - v3.19.0 - 26-02-2024 *\/\n.elementor-heading-title{padding:0;margin:0;line-height:1}.elementor-widget-heading .elementor-heading-title[class*=elementor-size-]>a{color:inherit;font-size:inherit;line-height:inherit}.elementor-widget-heading .elementor-heading-title.elementor-size-small{font-size:15px}.elementor-widget-heading .elementor-heading-title.elementor-size-medium{font-size:19px}.elementor-widget-heading .elementor-heading-title.elementor-size-large{font-size:29px}.elementor-widget-heading .elementor-heading-title.elementor-size-xl{font-size:39px}.elementor-widget-heading .elementor-heading-title.elementor-size-xxl{font-size:59px}<\/style><h1 class=\"elementor-heading-title elementor-size-default\">Moulin \u00e0 grains pour farine animal, au centre de la maison, jouxtant les chambres d'h\u00f4tes. <\/h1>\t\t<\/div>\n\t\t\t\t<\/div>\n\t\t\t\t\t<\/div>\n\t\t<\/div>\n\t\t\t\t\t<\/div>\n\t\t<\/section>\n\t\t\t\t\t<\/div>\n\t\t<\/div>\n\t\t\t\t\t<\/div>\n\t\t<\/section>\n\t\t\t\t<section class=\"elementor-section elementor-top-section elementor-element elementor-element-00e2b3f elementor-section-boxed elementor-section-height-default elementor-section-height-default\" data-id=\"00e2b3f\" data-element_type=\"section\">\n\t\t\t\t\t\t<div class=\"elementor-container elementor-column-gap-default\">\n\t\t\t\t\t<div class=\"elementor-column elementor-col-100 elementor-top-column elementor-element elementor-element-ba1303e\" data-id=\"ba1303e\" data-element_type=\"column\">\n\t\t\t<div class=\"elementor-widget-wrap elementor-element-populated\">\n\t\t\t\t\t\t<section class=\"elementor-section elementor-inner-section elementor-element elementor-element-b7190dc elementor-section-boxed elementor-section-height-default elementor-section-height-default\" data-id=\"b7190dc\" data-element_type=\"section\">\n\t\t\t\t\t\t<div class=\"elementor-container elementor-column-gap-default\">\n\t\t\t\t\t<div class=\"elementor-column elementor-col-50 elementor-inner-column elementor-element elementor-element-f81f208\" data-id=\"f81f208\" data-element_type=\"column\">\n\t\t\t<div class=\"elementor-widget-wrap elementor-element-populated\">\n\t\t\t\t\t\t<div class=\"elementor-element elementor-element-73e7ec0 elementor-widget elementor-widget-image\" data-id=\"73e7ec0\" data-element_type=\"widget\" data-widget_type=\"image.default\">\n\t\t\t\t<div class=\"elementor-widget-container\">\n\t\t\t\t\t\t\t\t\t\t\t\t\t<img decoding=\"async\" width=\"837\" height=\"628\" src=\"https:\/\/chezperlette.fr\/wp-content\/uploads\/2022\/08\/20190630_145949-1024x768.jpg\" class=\"attachment-large size-large wp-image-122\" alt=\"\" srcset=\"https:\/\/chezperlette.fr\/wp-content\/uploads\/2022\/08\/20190630_145949-1024x768.jpg 1024w, https:\/\/chezperlette.fr\/wp-content\/uploads\/2022\/08\/20190630_145949-300x225.jpg 300w, https:\/\/chezperlette.fr\/wp-content\/uploads\/2022\/08\/20190630_145949-768x576.jpg 768w, https:\/\/chezperlette.fr\/wp-content\/uploads\/2022\/08\/20190630_145949-1536x1152.jpg 1536w, https:\/\/chezperlette.fr\/wp-content\/uploads\/2022\/08\/20190630_145949-2048x1536.jpg 2048w\" sizes=\"(max-width: 837px) 100vw, 837px\" \/>\t\t\t\t\t\t\t\t\t\t\t\t\t<\/div>\n\t\t\t\t<\/div>\n\t\t\t\t\t<\/div>\n\t\t<\/div>\n\t\t\t\t<div class=\"elementor-column elementor-col-50 elementor-inner-column elementor-element elementor-element-4a56b4d\" data-id=\"4a56b4d\" data-element_type=\"column\">\n\t\t\t<div class=\"elementor-widget-wrap elementor-element-populated\">\n\t\t\t\t\t\t<div class=\"elementor-element elementor-element-d21b438 elementor-widget elementor-widget-heading\" data-id=\"d21b438\" data-element_type=\"widget\" data-widget_type=\"heading.default\">\n\t\t\t\t<div class=\"elementor-widget-container\">\n\t\t\t<h1 class=\"elementor-heading-title elementor-size-default\">Scierie datant du d\u00e9but du 20\u00e8me si\u00e8cle et qui s'est arr\u00eat\u00e9 en 1985. <\/h1>\t\t<\/div>\n\t\t\t\t<\/div>\n\t\t\t\t\t<\/div>\n\t\t<\/div>\n\t\t\t\t\t<\/div>\n\t\t<\/section>\n\t\t\t\t\t<\/div>\n\t\t<\/div>\n\t\t\t\t\t<\/div>\n\t\t<\/section>\n\t\t\t\t<section class=\"elementor-section elementor-top-section elementor-element elementor-element-d75b48e elementor-section-boxed elementor-section-height-default elementor-section-height-default\" data-id=\"d75b48e\" data-element_type=\"section\">\n\t\t\t\t\t\t<div class=\"elementor-container elementor-column-gap-default\">\n\t\t\t\t\t<div class=\"elementor-column elementor-col-100 elementor-top-column elementor-element elementor-element-ba1c547\" data-id=\"ba1c547\" data-element_type=\"column\">\n\t\t\t<div class=\"elementor-widget-wrap elementor-element-populated\">\n\t\t\t\t\t\t<section class=\"elementor-section elementor-inner-section elementor-element elementor-element-528dd8d elementor-section-boxed elementor-section-height-default elementor-section-height-default\" data-id=\"528dd8d\" data-element_type=\"section\">\n\t\t\t\t\t\t<div class=\"elementor-container elementor-column-gap-default\">\n\t\t\t\t\t<div class=\"elementor-column elementor-col-50 elementor-inner-column elementor-element elementor-element-db1bdf0\" data-id=\"db1bdf0\" data-element_type=\"column\">\n\t\t\t<div class=\"elementor-widget-wrap elementor-element-populated\">\n\t\t\t\t\t\t<div class=\"elementor-element elementor-element-c9730a0 elementor-widget elementor-widget-image\" data-id=\"c9730a0\" data-element_type=\"widget\" data-widget_type=\"image.default\">\n\t\t\t\t<div class=\"elementor-widget-container\">\n\t\t\t\t\t\t\t\t\t\t\t\t\t<img decoding=\"async\" width=\"768\" height=\"1024\" src=\"https:\/\/chezperlette.fr\/wp-content\/uploads\/2022\/08\/20190630_150835-768x1024.jpg\" class=\"attachment-large size-large wp-image-126\" alt=\"\" srcset=\"https:\/\/chezperlette.fr\/wp-content\/uploads\/2022\/08\/20190630_150835-768x1024.jpg 768w, https:\/\/chezperlette.fr\/wp-content\/uploads\/2022\/08\/20190630_150835-225x300.jpg 225w, https:\/\/chezperlette.fr\/wp-content\/uploads\/2022\/08\/20190630_150835-1152x1536.jpg 1152w, https:\/\/chezperlette.fr\/wp-content\/uploads\/2022\/08\/20190630_150835-1536x2048.jpg 1536w, https:\/\/chezperlette.fr\/wp-content\/uploads\/2022\/08\/20190630_150835-scaled.jpg 1920w\" sizes=\"(max-width: 768px) 100vw, 768px\" \/>\t\t\t\t\t\t\t\t\t\t\t\t\t<\/div>\n\t\t\t\t<\/div>\n\t\t\t\t\t<\/div>\n\t\t<\/div>\n\t\t\t\t<div class=\"elementor-column elementor-col-50 elementor-inner-column elementor-element elementor-element-da7ab33\" data-id=\"da7ab33\" data-element_type=\"column\">\n\t\t\t<div class=\"elementor-widget-wrap elementor-element-populated\">\n\t\t\t\t\t\t<div class=\"elementor-element elementor-element-8972c64 elementor-widget elementor-widget-image\" data-id=\"8972c64\" data-element_type=\"widget\" data-widget_type=\"image.default\">\n\t\t\t\t<div class=\"elementor-widget-container\">\n\t\t\t\t\t\t\t\t\t\t\t\t\t<img loading=\"lazy\" decoding=\"async\" width=\"763\" height=\"1024\" src=\"https:\/\/chezperlette.fr\/wp-content\/uploads\/2022\/08\/20220803_114557-Copie2-763x1024.jpg\" class=\"attachment-large size-large wp-image-128\" alt=\"\" srcset=\"https:\/\/chezperlette.fr\/wp-content\/uploads\/2022\/08\/20220803_114557-Copie2-763x1024.jpg 763w, https:\/\/chezperlette.fr\/wp-content\/uploads\/2022\/08\/20220803_114557-Copie2-224x300.jpg 224w, https:\/\/chezperlette.fr\/wp-content\/uploads\/2022\/08\/20220803_114557-Copie2-768x1030.jpg 768w, https:\/\/chezperlette.fr\/wp-content\/uploads\/2022\/08\/20220803_114557-Copie2-1145x1536.jpg 1145w, https:\/\/chezperlette.fr\/wp-content\/uploads\/2022\/08\/20220803_114557-Copie2-1527x2048.jpg 1527w, https:\/\/chezperlette.fr\/wp-content\/uploads\/2022\/08\/20220803_114557-Copie2.jpg 1799w\" sizes=\"(max-width: 763px) 100vw, 763px\" \/>\t\t\t\t\t\t\t\t\t\t\t\t\t<\/div>\n\t\t\t\t<\/div>\n\t\t\t\t\t<\/div>\n\t\t<\/div>\n\t\t\t\t\t<\/div>\n\t\t<\/section>\n\t\t\t\t\t<\/div>\n\t\t<\/div>\n\t\t\t\t\t<\/div>\n\t\t<\/section>\n\t\t\t\t<section class=\"elementor-section elementor-top-section elementor-element elementor-element-6c193f4 elementor-section-boxed elementor-section-height-default elementor-section-height-default\" data-id=\"6c193f4\" data-element_type=\"section\">\n\t\t\t\t\t\t<div class=\"elementor-container elementor-column-gap-default\">\n\t\t\t\t\t<div class=\"elementor-column elementor-col-100 elementor-top-column elementor-element elementor-element-44a5f73\" data-id=\"44a5f73\" data-element_type=\"column\">\n\t\t\t<div class=\"elementor-widget-wrap elementor-element-populated\">\n\t\t\t\t\t\t<div class=\"elementor-element elementor-element-7d238a5 elementor-widget elementor-widget-heading\" data-id=\"7d238a5\" data-element_type=\"widget\" data-widget_type=\"heading.default\">\n\t\t\t\t<div class=\"elementor-widget-container\">\n\t\t\t<h2 class=\"elementor-heading-title elementor-size-default\">Rivi\u00e8re Andrable, passant dans la maison et longeant les chambres. Dans une des chambres vous aurez le plaisir d'entendre le bruit de l'eau si vous dormez la fen\u00eatre ouverte.<br> <br>Pour les motards, un garage gratuit est \u00e0 leur disposition avec possibilit\u00e9s d'y faire de petites interventions.<br><br>Possibilit\u00e9s aussi de recharger voitures et v\u00e9los \u00e9lectrique.<\/h2>\t\t<\/div>\n\t\t\t\t<\/div>\n\t\t\t\t\t<\/div>\n\t\t<\/div>\n\t\t\t\t\t<\/div>\n\t\t<\/section>\n\t\t\t\t<\/div>\n\t\t","protected":false},"excerpt":{"rendered":"<p>Les premi\u00e8res traces de la maison date de 1299 dans le li\u00e8ve (cadastre) d&#8217;Estivareilles. On retrouve les traces du moulin dans le plan cadastrale Napol\u00e9onien de 1826. Le moulin (toujours existant) a \u00e9t\u00e9 en exploitation jusqu&#8217;en 1930, et une scierie a \u00e9t\u00e9 install\u00e9e pour suppl\u00e9e l&#8217;arr\u00eat du moulin. Situ\u00e9e \u00e0 900m d&#8217;altitude, venez vous ressourcez <a class=\"read-more\" href=\"https:\/\/chezperlette.fr\/index.php\/description\/\">READ MORE<\/a><\/p>\n","protected":false},"author":1,"featured_media":0,"parent":0,"menu_order":0,"comment_status":"closed","ping_status":"closed","template":"","meta":{"om_disable_all_campaigns":false,"_monsterinsights_skip_tracking":false,"_monsterinsights_sitenote_active":false,"_monsterinsights_sitenote_note":"","_monsterinsights_sitenote_category":0,"footnotes":""},"aioseo_notices":[],"_links":{"self":[{"href":"https:\/\/chezperlette.fr\/index.php\/wp-json\/wp\/v2\/pages\/56"}],"collection":[{"href":"https:\/\/chezperlette.fr\/index.php\/wp-json\/wp\/v2\/pages"}],"about":[{"href":"https:\/\/chezperlette.fr\/index.php\/wp-json\/wp\/v2\/types\/page"}],"author":[{"embeddable":true,"href":"https:\/\/chezperlette.fr\/index.php\/wp-json\/wp\/v2\/users\/1"}],"replies":[{"embeddable":true,"href":"https:\/\/chezperlette.fr\/index.php\/wp-json\/wp\/v2\/comments?post=56"}],"version-history":[{"count":41,"href":"https:\/\/chezperlette.fr\/index.php\/wp-json\/wp\/v2\/pages\/56\/revisions"}],"predecessor-version":[{"id":417,"href":"https:\/\/chezperlette.fr\/index.php\/wp-json\/wp\/v2\/pages\/56\/revisions\/417"}],"wp:attachment":[{"href":"https:\/\/chezperlette.fr\/index.php\/wp-json\/wp\/v2\/media?parent=56"}],"curies":[{"name":"wp","href":"https:\/\/api.w.org\/{rel}","templated":true}]}}